r*x. List the prime factors of x.
2, 37
Let u(a) = -28*a**2 + 6*a + 4. Let d be u(-2). Let f = d + 174. List the prime factors of f.
2, 3
Let l(k) = -5*k**3 - 2*k**2 - k + 1. Let m be l(-2). Let q = -21 + m. Let g = q + -9. What are the prime factors of g?
5
Let o(b) be the first derivative of 10*b**3/3 - 3*b**2/2 + 3*b + 10. List the prime factors of o(-3).
2, 3, 17
Suppose -5*o = -10*o - 4*n, 5*o - 5 = -3*n. Suppose f = o*f - 516. List the prime factors of f/8 + (-5)/10.
3, 7
Let h = 1329 - 613. List the prime factors of h.
2, 179
Let h(u) be the third derivative of -u**6/20 + u**5/60 - u**4/12 + u**2. Suppose -4*o + 18 = -4*g + 2, -4*g = 5*o - 2. What are the prime factors of h(g)?
2, 7
Suppose -61 = -3*r - 4*g, 7 - 41 = -2*r - g. Suppose 0 = q + 3*c - r, 5*c - 55 = -3*q + 6*c. List the prime factors of q.
2, 3
Let b = 541 + -272. What are the prime factors of b?
269
Let j(v) = -v**2 - 5*v + 33. Let k be j(-8). Let f(s) = s**3 - 9*s**2 + 4*s + 18. List the prime factors of f(k).
2, 3
Let p be (15/(-9))/(2/18). Let n = 21 + p. Suppose -n - 46 = -r. List the prime factors of r.
2, 13
Let a = 0 - 2. Let c = 1 - a. Suppose -b - 68 = -c*w, 0*b - 18 = -w - 2*b. List the prime factors of w.
2, 11
Suppose 2*n = -5*x + 27, 4*x + 9*n = 7*n + 20. What are the prime factors of ((-4)/8)/(x/(-2436))?
2, 3, 29
Suppose 5 = -4*u + 49. Suppose 17 = y - u. List the prime factors of y.
2, 7
Suppose 4*b + 5*b = 27. List the prime factors of 1/(124/(-42) + b).
3, 7
Suppose -c + 8 = 4*u + 3*c, u - 14 = -5*c. Let n(r) = -60*r - 1 - 4 + 4. List the prime factors of n(u).
59
List the prime factors of (-2 - (-11)/3)*1719.
3, 5, 191
Let g(h) = 2 - 12 - h**3 + 6 + 12*h + 10*h**2 + 18. What are the prime factors of g(10)?
2, 67
Suppose 0 = -2*b - 0*p - 4*p + 362, -3*b + 567 = -2*p. Suppose -4*r + 344 = 3*d - b, 3*r - 392 = 4*d. List the prime factors of r.
2, 3, 11
Suppose 3*b - 61 - 59 = 0. Suppose -b = 2*o - 3*o. List the prime factors of o.
2, 5
Suppose 4*w - 244 = 4*d, -5*d + 6*d = 3*w - 193. List the prime factors of w.
2, 3, 11
Let d(i) = 132*i**2 - 9*i - 5. What are the prime factors of d(3)?
2, 17
Suppose -27 + 23 = -4*w. Suppose 2*f + w = 7, -2*f + 2 = -2*r. Suppose r*j - 5*j - 4*d + 114 = 0, 0 = -2*j + d + 87. What are the prime factors of j?
2, 3, 7
Suppose -16 = -2*d + 2*v + 18, 4*v + 32 = d. Suppose 12*t = 8*t + d. What are the prime factors of 6/(-3) + 11 + t?
2, 3
Let b = -121 - -105. List the prime factors of 6/b + (-9560)/(-64).
149
List the prime factors of 269*1*(3 + -8 + 6).
269
Let k(z) = -z**3 + 2*z + 1. Let a be k(-2). Suppose 10*x = a*x + 285. What are the prime factors of x?
3, 19
Let s = 25 - 16. Suppose -33 = 2*n - s. List the prime factors of (-1)/2 + (-258)/n.
3, 7
Let p = 1093 - 582. What are the prime factors of p?
7, 73
Let c(n) = -n**3 + 7*n**2 - 8. Let l be c(-3). Let o = -375 - -525. Suppose 4*m - l = o. List the prime factors of m.
2, 29
Let j be 5/15*(-1)/(2/42). What are the prime factors of (14 + -18)*j/1?
2, 7
Let j(y) = 4*y**3 - 10*y**2 - 10*y - 12. Let n(x) = x**3 - x**2 - x - 1. Let h(d) = -j(d) + 12*n(d). What are the prime factors of h(2)?
2, 13
Suppose -12 = 4*b, 4*r - 248 - 535 = -3*b. Suppose 53 = d + 2*y, -r - 5 = -4*d + y. What are the prime factors of d?
3, 17
Let m = 1532 + -15. What are the prime factors of m?
37, 41
Let f = 5 - 2. Suppose -f*g + 20 = g, -2*y + g + 15 = 0. Suppose 2*w + y = 74. List the prime factors of w.
2
Let t = -51 + 56. Let d = 628 - 413. Suppose d = t*c - 175. What are the prime factors of c?
2, 3, 13
Suppose 0 = 4*u + 2*a - 40, -3*a + 7 - 24 = -u. Suppose m - u = 4. List the prime factors of m.
3, 5
Suppose 5*n + l + 20 = 0, n - 2*l = -6 + 2. What are the prime factors of (543 - 5)*(-2)/n?
269
Let k(v) = v**3 + 31*v**2 + 57*v + 121. What are the prime factors of k(-27)?
2, 7, 107
Let a be 7/((-14)/(-284))*2. Suppose 2*g = -100 + a. What are the prime factors of g?
2, 23
Suppose 17*d = -28*d + 32760. List the prime factors of d.
2, 7, 13
Let s be -4*(2 + -5 + 2). Suppose -2*y + 100 = m, 0*m - 420 = -s*m - 4*y. What are the prime factors of m?
2, 5, 11
List the prime factors of (-6)/(-57) + (-222192)/(-304).
17, 43
Let g = 98 + 503. List the prime factors of g.
601
Suppose 0 = 11*w - 6*w - 15. Suppose z - w*t = 6, -3*z + 14 = -t - 4*t. Suppose -2*p = -z*p + 3. What are the prime factors of p?
3
List the prime factors of (-10 + 43)*40/3.
2, 5, 11
Let t(g) = -g**3 + 19*g**2 - 11*g - 13. What are the prime factors of t(16)?
3, 193
Let h = 1061 - 615. What are the prime factors of h?
2, 223
Let u = 2492 - 1758. What are the prime factors of u?
2, 367
Suppose 2*g = 6*g - 8. Let l be 4 + -11 + (g - 0). List the prime factors of 2/l + (-585)/(-25).
23
Let p(g) = -2 + 1 + 23*g - 23*g + g**2 + 97*g**3. What are the prime factors of p(1)?
97
Let z(r) = -r**3 - 2*r**2 - 4*r + 314. List the prime factors of z(0).
2, 157
Let a(i) = 0 + 5*i + 0 + i**2. Let d be 166/(-18) + 8/36. What are the prime factors of a(d)?
2, 3
Let q = -72 + 137. Suppose -3*y - 2*y + h = -45, 0 = 5*y + 3*h - q. What are the prime factors of y?
2, 5
Let h(q) = -3*q**3 + 4*q**2 + 12*q - 19. Let g be h(-8). Suppose g = 7*p + 6*p. What are the prime factors of p?
3, 43
Let h(u) = -10*u**3 + 5*u**2 + 2*u - 31. List the prime factors of h(-8).
5393
Let g(c) = 6*c - 7 + 4 - 3. Let b be g(7). List the prime factors of 2 - 9/(b/(-112)).
2, 3, 5
Suppose 10 = 5*k - 0. Let x be ((-52)/5)/(k/(-5)). Suppose -3*c + c + x = 0. What are the prime factors of c?
13
Let n(q) = -524*q**3 + q**2 - 4*q - 5. List the prime factors of n(-1).
2, 131
Let c be 2/(5 + -3) - (0 - 3). Suppose 3*j - 164 = -c*h, -j - 2*h = -0*j - 54. What are the prime factors of j?
2, 7
List the prime factors of 5/15 + (135125/15)/5.
2, 17, 53
Suppose 13 = 3*p - 2. Suppose 4*w - p*c - 3 - 69 = 0, 0 = -5*w - 3*c + 127. List the prime factors of w.
23
Let g(d) = d**2 - 10*d + 8. Let u be g(11). Suppose 90 = 4*v - 3*x + x, 0 = -v - 3*x + u. List the prime factors of v.
2, 11
Let x = -12 - -12. Let u be -11 + (-1 - -2) - x. Let n = 8 - u. List the prime factors of n.
2, 3
Let o(q) = -7*q + 2 - 2*q**2 - 2*q**2 - 4 + 3*q**2. Let n be o(-6). Suppose 0 = -4*b + 2*l + 108 - 26, n*b - 76 = -4*l. List the prime factors of b.
2, 5
Suppose -310 = -2*o - 0*o - 4*a, 2*a = -5*o + 759. Let f = o + -81. List the prime factors of f.
2, 5, 7
Let n(p) = p**3 - 9*p**2 + 13*p - 15. Let d be (-4)/10 - (6 - (-72)/(-5)). What are the prime factors of n(d)?
5
Let c(s) = 41*s**2 + 19*s + 6. What are the prime factors of c(-9)?
2, 3, 263
Suppose 3*g = 5*f - 2*g - 45, 17 = 5*f + 2*g. Suppose -f*z = -25, -x + 0*z + 53 = 2*z. What are the prime factors of x?
43
Let y be (-46)/(-12) - 3/(-18). Let h be (y/(-10))/((-18)/270). Suppose -h*s + 345 = -s. What are the prime factors of s?
3, 23
Suppose -10*x + 6*x - 268 = 0. Let l = x - -81. List the prime factors of l.
2, 7
Let l(v) = -2*v + 10. Let r be l(4). Suppose 2*p + r*p - 66 = 3*g, 4*g - 52 = -4*p. What are the prime factors of p?
3, 5
Suppose 4*o + 2*y - 4 = 0, -5*o = -2*y + 4*y - 6. Let v be -3*o/3*14. Let s = v - -96. List the prime factors of s.
2, 17
Let r be 315/168 + (-2)/(-16). Suppose r*k - 4*k = -5*z - 20, 3*z = 6. What are the prime factors of k?
3, 5
Let i = 2836 - 899. List the prime factors of i.
13, 149
Suppose 6*w - 5*w - 614 = 4*u, -1890 = -3*w - 4*u. What are the prime factors of w?
2, 313
Suppose -3*z + 4415 = 2*l, z - 9*l - 1473 = -11*l. List the prime factors of z.
1471
Let m(n) = -2*n**2 - 11*n - 13. Let g be m(-5). Let p = g + 74. What are the prime factors of p?
2, 3, 11
Suppose b + 68 = -3*b. Let o = b - -15. What are the prime factors of (o - 0 - 1) + 29?
2, 13
Let k(o) = -o**2 + 4*o + 3. Let x be k(5). Let f = x - -2. Suppose f = -4*n - n + 100. What are the prime factors of n?
2, 5
Let v be (-1 - 67/3)/((-27)/(-81)). List the prime factors of -1*(-2)/(-7) - 2120/v.
2, 3, 5
Let x be (-2*1/(-4))/((-38)/(-228)). List the prime factors of (855/12 - x) + (-2)/8.
2, 17
Let u(k) = 507*k - 23. What are the prime factors of u(2)?
991
Let s = -44 - -133. Suppose s + 13 = n. What are the prime factors of n?
2, 3, 17
Let i(k) = -k - 1. Let h(u) = -u**3 + 6*u**2 - 10*u - 3. Let t(c) = -h(c) + 4*i(c). Let p be t(5). Suppose 0*s = -p*s + 44. Wha